isor of 960885 and 4716.
1179
Calculate the highest common divisor of 1072302 and 4662.
42
What is the highest common factor of 1054 and 2140302?
62
Calculate the greatest common factor of 3680007 and 149565.
177
Calculate the greatest common factor of 549606 and 9534.
6
Calculate the greatest common divisor of 657 and 2966428.
73
What is the greatest common divisor of 5619 and 74522924?
1873
Calculate the highest common factor of 1419549318 and 33.
33
What is the highest common divisor of 18 and 7689555?
9
What is the highest common divisor of 190 and 212328560?
10
What is the greatest common factor of 46956 and 14430?
78
What is the highest common factor of 10283 and 47686?
113
Calculate the highest common factor of 100843 and 1891.
31
Calculate the highest common divisor of 597789 and 132969.
381
What is the greatest common divisor of 31 and 152091487?
31
What is the highest common divisor of 1786035 and 225?
15
What is the highest common factor of 91509 and 832887?
1551
What is the highest common divisor of 1410 and 9888330?
1410
Calculate the greatest common factor of 94552 and 289008.
1784
Calculate the highest common divisor of 205 and 86565.
5
Calculate the greatest common factor of 27210 and 32548602.
5442
Calculate the highest common divisor of 4110720 and 6720.
960
What is the greatest common divisor of 59328 and 69840?
144
What is the highest common factor of 8269674 and 27132?
798
What is the greatest common factor of 4793624 and 304?
152
Calculate the highest common divisor of 2424176 and 56071.
1193
Calculate the greatest common factor of 90 and 5415090.
30
Calculate the highest common factor of 90510 and 335029230.
12930
Calculate the highest common factor of 3 and 10661238.
3
What is the highest common divisor of 3102 and 478456?
22
What is the highest common factor of 109788 and 9093?
21
What is the greatest common divisor of 37 and 215719879?
37
Calculate the highest common factor of 40071 and 357124.
703
What is the greatest common factor of 23797761 and 39?
39
What is the highest common divisor of 120991521 and 7?
7
What is the highest common divisor of 1717 and 181322?
17
What is the greatest common divisor of 231312 and 7373544?
1896
What is the highest common divisor of 370710 and 5310?
90
Calculate the highest common divisor of 123 and 1454847.
3
Calculate the highest common divisor of 105638 and 245510838.
8126
What is the highest common divisor of 1819 and 797521?
17
What is the highest common factor of 7128 and 379797?
33
Calculate the highest common factor of 2016 and 4555776.
96
What is the highest common factor of 329376 and 172584?
1128
What is the greatest common divisor of 2398 and 40911079?
1199
What is the highest common divisor of 8860 and 340040?
20
What is the highest common divisor of 1297422521 and 233?
233
What is the greatest common factor of 300689 and 188875?
1511
Calculate the greatest common divisor of 13068 and 162772632.
1188
What is the greatest common factor of 16325 and 17912443?
653
What is the highest common factor of 16610 and 280?
10
Calculate the highest common divisor of 449062 and 6554.
226
Calculate the highest common divisor of 585844 and 448987.
2401
What is the greatest common factor of 4056 and 103560?
24
What is the highest common divisor of 4428295 and 33855?
305
What is the highest common factor of 387000 and 76640?
40
What is the highest common factor of 423591 and 93219?
483
Calculate the greatest common factor of 1675 and 5997103.
67
Calculate the highest common factor of 33472 and 2472.
8
What is the greatest common factor of 3188141 and 8393?
1199
What is the greatest common divisor of 42476 and 252932?
148
Calculate the greatest common factor of 164 and 10362504.
164
Calculate the highest common divisor of 678990 and 127062.
78
What is the greatest common factor of 297 and 1037652?
33
Calculate the highest common factor of 964 and 36451973.
241
Calculate the highest common divisor of 25066530 and 810.
270
What is the highest common divisor of 119293188 and 18684?
2076
What is the greatest common factor of 2655 and 178740?
45
What is the greatest common factor of 237617 and 3937?
127
What is the highest common factor of 328422 and 41529?
381
Calculate the greatest common divisor of 938265 and 3427971.
2643
What is the greatest common divisor of 96109010 and 458?
458
Calculate the highest common factor of 1724661 and 3195.
639
Calculate the greatest common divisor of 60 and 1425460.
20
What is the highest common factor of 536097099 and 31242?
15621
What is the greatest common factor of 11700 and 3279390?
30
Calculate the greatest common divisor of 124916 and 71808.
748
What is the greatest common factor of 20 and 135481120?
20
What is the highest common factor of 460761251 and 85?
17
Calculate the greatest common factor of 45077270 and 70.
70
Calculate the highest common divisor of 698176 and 14.
2
Calculate the greatest common factor of 14777 and 123740487.
2111
What is the greatest common divisor of 73 and 5877449?
73
Calculate the highest common divisor of 3091956 and 14.
14
Calculate the highest common divisor of 3761813770 and 1895.
1895
Calculate the highest common factor of 62601370 and 390.
130
Calculate the greatest common factor of 225 and 73238100.
75
Calculate the highest common divisor of 268818 and 8448.
66
What is the greatest common divisor of 10611 and 31919067?
1179
What is the greatest common divisor of 9595116 and 23807?
179
What is the highest common divisor of 3394868 and 1415?
283
What is the greatest common divisor of 564875831 and 1612?
403
Calculate the highest common factor of 27385848 and 3015.
603
What is the greatest common divisor of 1221 and 11542?
1
What is the highest common divisor of 5179883 and 275621?
527
What is the greatest common factor of 14894271 and 21546?
1197
Calculate the greatest common factor of 1192306 and 45994.
3538
Calculate the highest common divisor of 2704 and 2797600.
208
What is the greatest common factor of 1661086 and 55342?
826
Calculate the greatest common factor of 95013 and 3888.
243
Calculate the greatest common divisor of 29095 and 1757085.
1265
What is the greatest common divisor of 1368 and 34020792?
1368
What is the highest common divisor of 9880 and 317314400?
520
What is the greatest common factor of 1376 and 109152?
32
What is the highest common divisor of 497622 and 2945544?
1182
What is the greatest common factor of 354125 and 124652?
2833
Calculate the greatest common factor of 140 and 62175520.
20
Calculate the highest common divisor of 4 and 36588406.
2
What is the highest common factor of 4749465 and 75?
15
What is the highest common divisor of 918374 and 5253?
17
What is the greatest common divisor of 6638554 and 3276?
26
Calculate the highest common factor of 66420113 and 39214.
2801
What is the highest common divisor of 20744250 and 1125?
375
What is the greatest common divisor of 70785 and 117888485?
7865
What is the highest common factor of 3822 and 602446?
26
Calculate the highest common divisor of 180 and 1171530.
90
Calculate the highest common factor of 581152 and 6248.
88
Calculate the highest common divisor of 1247407 and 1562890.
581
Calculate the greatest common factor of 601577670 and 584.
146
Calculate the highest common divisor of 13114751 and 39.
13
What is the highest common divisor of 356164375 and 700?
175
Calculate the greatest common divisor of 64024356 and 24420.
4884
Calculate the highest common divisor of 336880 and 1928.
8
What is the highest common factor of 8111975 and 1088?
17
What is the highest common divisor of 12 and 134926236?
12
What is the greatest common factor of 178325 and 86800?
175
What is the greatest common factor of 380784 and 912?
48
Calculate the greatest common factor of 15758305 and 5385.
1795
Calculate the highest common divisor of 33408 and 2712312.
2088
What is the greatest common divisor of 14093 and 106402979?
829
Calculate the greatest common divisor of 909540 and 305040.
1860
Calculate the greatest common factor of 7308 and 1419202.
58
Calculate the highest common divisor of 105 and 798360.
15
What is the highest common divisor of 411 and 9445876?
137
Calculate the highest common divisor of 1016767 and 11009.
101
Calculate the greatest co